ded by 9.
6
Let j = -4 - -24. Suppose 4*f = -o + 2, 5*o - 4*f - 62 = j. Calculate the remainder when o is divided by 1/(-4) + 264/32.
6
Suppose 0*j - s = -2*j + 12, -2*j = -3*s - 12. What is the remainder when (-1)/((2 + 0)/(-30)) is divided by j?
3
Let a be (3 + (-16)/6)*21. Suppose 18 = -5*b + a*b. Suppose -66 - b = -5*p. Calculate the remainder when 58 is divided by p.
13
What is the remainder when (-10)/4*(5 - (-282)/(-10)) is divided by 12?
10
Let v(a) be the first derivative of a**4/4 - 4*a**3/3 + a**2 + 2*a + 2. Let b be v(3). Calculate the remainder when 3/(b/(16/(-3))) is divided by 9.
7
Let d(n) = 5*n**2 - 41*n - 13. Calculate the remainder when d(9) is divided by 9.
5
Suppose -3*i = -76 - 113. Let s = i + -41. Suppose 4*d = -9 + 41. Calculate the remainder when s is divided by d.
6
Let u = -1 + 5. Suppose -g = -u*x + 17, 3*x - 24 = -9. Let o = -37 - -45. Calculate the remainder when o is divided by g.
2
Suppose o - 3*o = 18. Let k = o - -14. Let a(p) = -p + 14. What is the remainder when a(0) is divided by k?
4
Let j = 21 - 15. Calculate the remainder when 20 is divided by j.
2
Suppose 3*g + 3 = 3*r + r, -g - 12 = -5*r. Let o be 3/4*(5 + -21). Let w = -5 - o. What is the remainder when w is divided by r?
1
Suppose 0 = 4*u - 81 + 21. What is the remainder when 29 is divided by u?
14
Let s = -124 - -209. Calculate the remainder when s is divided by 29.
27
Let v = 214 - 203. What is the remainder when 54 is divided by v?
10
Let y(f) = -2*f**2 + 8*f + 5. Let k be y(6). Suppose a = 3*a + 4*d - 10, -d = a - 5. What is the remainder when (k/(-2))/((-2)/(-4)) is divided by a?
4
Let j(l) = 2*l**2 + 35*l + 21. Let h = -3 + 13. Calculate the remainder when j(-18) is divided by h.
9
Let j(x) = 2*x - 4. Let f be j(4). Suppose -16 = -3*r - r - 5*d, 3*d - 16 = -f*r. What is the remainder when 19 is divided by r?
3
Let i be (2/(-2))/((-1)/2). Let o(u) = -5*u**i - u**3 - 3*u**2 + u - 10*u - 10. What is the remainder when 6 is divided by o(-7)?
2
Suppose 3*a = 15, 0 = -y - 2*a - 16 + 48. Suppose 127 = 5*i - 2*j, y = 4*i - 5*j - 83. Let h = -12 + 21. What is the remainder when i is divided by h?
7
Suppose 10 = 2*f, -3*x + x + 27 = -f. Suppose o - 1 = 0, -3*v + x = 3*o - 38. What is the remainder when v is divided by 6?
5
Let k = -167 + 308. Calculate the remainder when k is divided by 24.
21
Suppose 5*i + 104 = 2*p, -2*p - 13 + 37 = -i. Let s = -27 + 64. What is the remainder when s is divided by (-268)/i - 2/5?
11
Let b be (-2)/(-5) - (-2)/(-5). Suppose -3*s + 0*s + 9 = b. What is the remainder when 8 is divided by s?
2
Let f be 2/(0 - 2/3). Let i = 5 + f. Suppose -4 = i*t - 12. What is the remainder when 10 is divided by t?
2
Suppose 4*u = -3*z - u + 8, 0 = 3*z - 5*u + 2. What is the remainder when (1 - -53)/3 + z is divided by 7?
5
Calculate the remainder when (-87)/(-5) + (-2)/5 is divided by 9.
8
Suppose 0 = 2*j + 1 - 11. Let u = 29 + -11. What is the remainder when u is divided by j?
3
Let b = 23 + -8. Calculate the remainder when 57 is divided by b.
12
Let c be 2*-11 - (2 + -6). Let f = c + 46. Calculate the remainder when 111 is divided by f.
27
Let l = 55 + 12. Suppose 5*p - 13 = -3*r, 2*p = 5*r - p - l. Calculate the remainder when r is divided by 3.
2
Suppose -7 = 2*n - 3*n. Suppose -2*p + 3*s - s = 10, -2*p + s = n. Let g(d) = -10*d - 3. Calculate the remainder when g(p) is divided by 6.
5
Suppose -78 = -2*g + 6*w - 4*w, w + 79 = 2*g. What is the remainder when g is divided by 22?
18
Let n = 2 + 5. What is the remainder when n is divided by 74/296 + 19/4?
2
Let i(l) = l**3 + 2*l**2 - 2*l - 1. Let k be i(-2). What is the remainder when (-685)/(-30) - (-1)/6 is divided by -4*(k*-1 - -1)?
7
Calculate the remainder when (-4)/(-1) - (6 - 45) is divided by 23.
20
Suppose 5*b - 4*z = 110, -5*z - 68 = -5*b + 37. Calculate the remainder when b is divided by 8 + ((-4)/6 - 1/3).
5
Suppose 5*z - 3*p - 317 = 173, -2*p = 5*z - 465. What is the remainder when z is divided by 24?
23
Suppose 4*h + h - 40 = 0. Calculate the remainder when 39 is divided by h.
7
Let q(c) = 7*c - 141. Let x(z) = -3*z + 70. Let l(n) = 4*q(n) + 9*x(n). What is the remainder when l(0) is divided by 23?
20
Let u = 21 - 16. What is the remainder when 19 is divided by u?
4
Let r(g) = -2*g + 18. What is the remainder when 15 is divided by r(5)?
7
Let c(k) = -k**2 + 6*k + 19. Let h(d) = d**3 + d + 3. Calculate the remainder when c(7) is divided by h(0).
0
Let y(f) = -f + 22. Let m(w) = -w**3 + w**2 + 5*w + 2. What is the remainder when m(-3) is divided by y(10)?
11
Suppose 4*w + 26 = 5*s - 104, 0 = s - 4*w - 42. What is the remainder when 38 is divided by s?
16
Suppose -2*i + 176 = 4*p, -3*i = 1 - 7. Let f(n) = -n**3 + 9*n**2 - 8*n + 11. What is the remainder when p is divided by f(8)?
10
Suppose -4*h - 4*y + 12 = 0, -y = h - 3*h - 3. Suppose -2*n + 7 + 33 = h. Calculate the remainder when 59 is divided by n.
19
Let z = -45 - -60. Calculate the remainder when 71 is divided by z.
11
Let x(s) = -s**3 - 3*s**2 - 2*s + 4. Let p be x(-3). Suppose -p = -2*h, k = 6*h - h - 10. Suppose -k = -2*j + 17. What is the remainder when j is divided by 6?
4
Let s(v) = v**3 + 6*v**2 - 4*v - 6. What is the remainder when 52 is divided by s(-6)?
16
Suppose -4*z = -52 - 72. Suppose -11 = 11*g - 12*g. Calculate the remainder when z is divided by 2 + g - (-7 - -4).
15
Suppose c + 3*j - 9 = 0, 5*c - 28 = 3*c + 4*j. What is the remainder when 46 is divided by c?
10
Suppose 2*a + 2 = -8. Let q(c) = -c**3 - 4*c**2 + 1. What is the remainder when q(a) is divided by 9?
8
Let s(c) = c**2 - 6*c + 10. What is the remainder when s(-4) is divided by 11?
6
Suppose 2*j - 4*j + 4*l = -4, 0 = -2*j + l + 13. Let p = -6 - -11. What is the remainder when j is divided by p?
3
Calculate the remainder when 37 is divided by (-114)/30*(-5)/1.
18
Suppose d = 4*q - 0*q - 5, 0 = -4*q + 4. Let l = 0 + 2. Let n = l - d. What is the remainder when 7 is divided by n?
1
Suppose -7 + 13 = 3*y. Calculate the remainder when (-2328)/(-40) + y/(-10) is divided by 15.
13
Let r = -3 + 4. Let x(v) = 3 + 6*v + 1 - r + 4. Calculate the remainder when x(5) is divided by 10.
7
Let p(l) = -l**3 - l + 27. Let c = 5 - 3. Suppose 5*h = c*h. Calculate the remainder when p(h) is divided by 14.
13
Calculate the remainder when 33*6/9*1 is divided by 6.
4
Let x(f) = f**3 + 6*f**2 + 2*f - 4. Suppose -z = 4*s - s - 56, 3*s = 3*z - 108. What is the remainder when z is divided by x(-5)?
8
Let g(b) = -b**3 - 7*b**2 + 5*b + 5. Let u(q) = -3*q**3 - 20*q**2 + 15*q + 14. Let p(m) = 17*g(m) - 6*u(m). Calculate the remainder when p(4) is divided by 21.
19
Let a be (-1 + 2)*(0 + 0). Calculate the remainder when (a + 5)*(-18)/(-15) is divided by 3.
0
Let l = 37 + -25. What is the remainder when (-1)/(-2) - (-414)/12 is divided by l?
11
Suppose -584 = -3*s - 20. Suppose 0 = -b - 3*b + s. What is the remainder when b is divided by 12?
11
Let j(x) = -x**2 + 14*x + 19. Let a be j(15). Suppose n - 12 = -a*b + 2*b, 0 = -3*n + 4*b - 14. Suppose q = 2 + 2. What is the remainder when q is divided by n?
0
Let y = -10 - -43. Let k = -6 - -3. What is the remainder when y is divided by (-104)/(-6) - (-1)/k?
16
Suppose 0 = 10*u - 166 + 26. What is the remainder when 67 is divided by u?
11
Let d be (0 - (-3 + 3)) + 35. Suppose s + 12 = 4*b - 2, -5*s = b - d. What is the remainder when 9 is divided by s?
3
Suppose 4*k - a = 1 + 36, -42 = -4*k + 2*a. Let z(t) = 5*t + 6. Let j = -5 - -10. What is the remainder when z(j) is divided by k?
7
Let m = 1 - -13. What is the remainder when m is divided by 5?
4
Let g = 15 - 14. Let q = 4 + -2. Calculate the remainder when q is divided by g.
0
What is the remainder when 6*2/((-16)/(-28))*1 is divided by 6?
3
Let y(g) = -2*g**3 + 2*g + 1. What is the remainder when y(-3) is divided by 10?
9
Suppose 2*z = z + 32. Calculate the remainder when z is divided by 7.
4
Suppose 0 = -5*v + 25 - 5, -4*v = -5*y + 934. Suppose -3*u - 2*u + y = 0. Let p = 3 - -10. Calculate the remainder when u is divided by p.
12
Suppose 0 = -5*f - 206 - 54. What is the remainder when 7*(f/(-28) - 1) is divided by 2?
0
Let a(i) = 1 + 4 - 2 + 6*i + 1. Let z be a(4). Suppose 36 = 4*x + 4*g - z, 9 = 3*g. What is the remainder when 38 is divided by x?
12
Let x = 6 + 1. Let j(a)